{"id":5393,"date":"2023-10-09T01:11:11","date_gmt":"2023-10-08T22:11:11","guid":{"rendered":"https:\/\/mehmetadaoztekin.com\/index.php\/dokumentarfilm-und-ton\/"},"modified":"2023-10-21T22:23:18","modified_gmt":"2023-10-21T19:23:18","slug":"dokumentarfilm-und-ton","status":"publish","type":"page","link":"https:\/\/mehmetadaoztekin.com\/index.php\/dokumentarfilm-und-ton\/?lang=de","title":{"rendered":"Dokumentarfilm und Ton"},"content":{"rendered":"<section class=\"wpb-content-wrapper\"><p>[vc_row content_width=&#8221;grid&#8221; css=&#8221;.vc_custom_1696802534314{padding-top: 120px !important;padding-bottom: 45px !important;}&#8221;][vc_column width=&#8221;1\/2&#8243;][vc_empty_space height=&#8221;80px&#8221;]\n<div class=\"edgtf-custom-font-holder\" style=\"font-size: 25px;line-height: 43px;font-weight: 300\" data-font-size= 25 data-line-height= 43>\n\tPODCAST\t<\/div>[vc_column_text]<span style=\"color: #ffffff;\">Ece \u015eakarer vom Team von Netflix T\u00fcrkei und Mehmet Ada \u00d6ztekin, Regisseur von Kultfilmen, treffen sich auf dem Regiestuhl. Er spricht \u00fcber die unbekannten Seiten des ber\u00fchmten Regisseurs und seine inspirierende Reise als Regisseur.<\/span>[\/vc_column_text][\/vc_column][vc_column width=&#8221;1\/2&#8243;][vc_column_text]<iframe loading=\"lazy\" style=\"border-radius: 12px;\" src=\"https:\/\/open.spotify.com\/embed\/episode\/1IeRelc4QuOzMbDDGgxYOs?utm_source=generator&amp;theme=0\" width=\"100%\" height=\"352\" frameborder=\"0\" allowfullscreen=\"allowfullscreen\"><\/iframe>[\/vc_column_text][\/vc_column][\/vc_row][vc_row content_width=&#8221;grid&#8221; css=&#8221;.vc_custom_1696802534314{padding-top: 120px !important;padding-bottom: 45px !important;}&#8221;][vc_column width=&#8221;1\/2&#8243;][vc_empty_space height=&#8221;80px&#8221;]\n<div class=\"edgtf-custom-font-holder\" style=\"font-size: 25px;line-height: 43px;font-weight: 300\" data-font-size= 25 data-line-height= 43>\n\tHerr der M\u00f6wen \u2013 Dokumentarfilm hinter den Kulissen\t<\/div>[vc_column_text]<span style=\"color: #ffffff;\">Produktion: TMC Film<\/span> | <span style=\"color: #ffffff;\">Produzent: Erol Avci<\/span> | <span style=\"color: #ffffff;\">Drehbuch: Meri\u00e7 Demiray<\/span> | <span style=\"color: #ffffff;\">Regie: Mehmet Ada Oztekin<\/span>[\/vc_column_text][\/vc_column][vc_column width=&#8221;1\/2&#8243;][vc_column_text]<iframe loading=\"lazy\" title=\"YouTube-Video-Player\" src=\"https:\/\/www.youtube.com\/embed\/YvCNr4_2n7o?si=z-ZIUJcklGYPFXQS\" width=\"560\" height=\"315\" frameborder=\"0\" allowfullscreen=\"allowfullscreen\"><\/iframe>[\/vc_column_text][\/vc_column][\/vc_row]<\/p>\n<\/section>","protected":false},"excerpt":{"rendered":"<p>[vc_row content_width=&#8221;grid&#8221; css=&#8221;.vc_custom_1696802534314{padding-top: 120px !important;padding-bottom: 45px !important;}&#8221;][vc_column width=&#8221;1\/2&#8243;][vc_empty_space height=&#8221;80px&#8221;][vc_column_text]Ece \u015eakarer vom Team von Netflix T\u00fcrkei und Mehmet Ada \u00d6ztekin, Regisseur von Kultfilmen, treffen sich auf dem Regiestuhl. Er spricht \u00fcber die unbekannten Seiten des ber\u00fchmten Regisseurs und seine inspirierende Reise als Regisseur.[\/vc_column_text][\/vc_column][vc_column width=&#8221;1\/2&#8243;][vc_column_text][\/vc_column_text][\/vc_column][\/vc_row][vc_row content_width=&#8221;grid&#8221; css=&#8221;.vc_custom_1696802534314{padding-top:&#8230;<\/p>\n","protected":false},"author":1,"featured_media":0,"parent":0,"menu_order":0,"comment_status":"closed","ping_status":"closed","template":"full-width.php","meta":{"footnotes":""},"yoast_head":"<!-- This site is optimized with the Yoast SEO plugin v21.4 - https:\/\/yoast.com\/wordpress\/plugins\/seo\/ -->\n<title>Dokumentarfilm und Ton - Mehmet Ada \u00d6ztekin<\/title>\n<meta name=\"robots\" content=\"index, follow, max-snippet:-1, max-image-preview:large, max-video-preview:-1\" \/>\n<link rel=\"canonical\" href=\"https:\/\/mehmetadaoztekin.com\/index.php\/dokumentarfilm-und-ton\/\" \/>\n<meta property=\"og:locale\" content=\"tr_TR\" \/>\n<meta property=\"og:type\" content=\"article\" \/>\n<meta property=\"og:title\" content=\"Dokumentarfilm und Ton - Mehmet Ada \u00d6ztekin\" \/>\n<meta property=\"og:description\" content=\"[vc_row content_width=&#8221;grid&#8221; css=&#8221;.vc_custom_1696802534314{padding-top: 120px !important;padding-bottom: 45px !important;}&#8221;][vc_column width=&#8221;1\/2&#8243;][vc_empty_space height=&#8221;80px&#8221;][vc_column_text]Ece \u015eakarer vom Team von Netflix T\u00fcrkei und Mehmet Ada \u00d6ztekin, Regisseur von Kultfilmen, treffen sich auf dem Regiestuhl. Er spricht \u00fcber die unbekannten Seiten des ber\u00fchmten Regisseurs und seine inspirierende Reise als Regisseur.[\/vc_column_text][\/vc_column][vc_column width=&#8221;1\/2&#8243;][vc_column_text][\/vc_column_text][\/vc_column][\/vc_row][vc_row content_width=&#8221;grid&#8221; css=&#8221;.vc_custom_1696802534314{padding-top:...\" \/>\n<meta property=\"og:url\" content=\"https:\/\/mehmetadaoztekin.com\/index.php\/dokumentarfilm-und-ton\/?lang=de\" \/>\n<meta property=\"og:site_name\" content=\"Mehmet Ada \u00d6ztekin\" \/>\n<meta property=\"article:modified_time\" content=\"2023-10-21T19:23:18+00:00\" \/>\n<meta property=\"og:image\" content=\"https:\/\/mehmetadaoztekin.com\/wp-content\/uploads\/2017\/05\/Ataturk_04.jpg\" \/>\n\t<meta property=\"og:image:width\" content=\"1080\" \/>\n\t<meta property=\"og:image:height\" content=\"1620\" \/>\n\t<meta property=\"og:image:type\" content=\"image\/jpeg\" \/>\n<meta name=\"twitter:card\" content=\"summary_large_image\" \/>\n<meta name=\"twitter:label1\" content=\"Tahmini okuma s\u00fcresi\" \/>\n\t<meta name=\"twitter:data1\" content=\"1 dakika\" \/>\n<script type=\"application\/ld+json\" class=\"yoast-schema-graph\">{\"@context\":\"https:\/\/schema.org\",\"@graph\":[{\"@type\":\"WebPage\",\"@id\":\"https:\/\/mehmetadaoztekin.com\/index.php\/dokumentarfilm-und-ton\/?lang=de\",\"url\":\"https:\/\/mehmetadaoztekin.com\/index.php\/dokumentarfilm-und-ton\/?lang=de\",\"name\":\"Dokumentarfilm und Ton - Mehmet Ada \u00d6ztekin\",\"isPartOf\":{\"@id\":\"https:\/\/mehmetadaoztekin.com\/#website\"},\"datePublished\":\"2023-10-08T22:11:11+00:00\",\"dateModified\":\"2023-10-21T19:23:18+00:00\",\"breadcrumb\":{\"@id\":\"https:\/\/mehmetadaoztekin.com\/index.php\/dokumentarfilm-und-ton\/?lang=de#breadcrumb\"},\"inLanguage\":\"tr\",\"potentialAction\":[{\"@type\":\"ReadAction\",\"target\":[\"https:\/\/mehmetadaoztekin.com\/index.php\/dokumentarfilm-und-ton\/?lang=de\"]}]},{\"@type\":\"BreadcrumbList\",\"@id\":\"https:\/\/mehmetadaoztekin.com\/index.php\/dokumentarfilm-und-ton\/?lang=de#breadcrumb\",\"itemListElement\":[{\"@type\":\"ListItem\",\"position\":1,\"name\":\"Anasayfa\",\"item\":\"https:\/\/mehmetadaoztekin.com\/\"},{\"@type\":\"ListItem\",\"position\":2,\"name\":\"Dokumentarfilm und Ton\"}]},{\"@type\":\"WebSite\",\"@id\":\"https:\/\/mehmetadaoztekin.com\/#website\",\"url\":\"https:\/\/mehmetadaoztekin.com\/\",\"name\":\"Mehmet Ada \u00d6ztekin\",\"description\":\"| Director\",\"publisher\":{\"@id\":\"https:\/\/mehmetadaoztekin.com\/#\/schema\/person\/7a1af24e8ae8da993f19880246de9191\"},\"potentialAction\":[{\"@type\":\"SearchAction\",\"target\":{\"@type\":\"EntryPoint\",\"urlTemplate\":\"https:\/\/mehmetadaoztekin.com\/?s={search_term_string}\"},\"query-input\":\"required name=search_term_string\"}],\"inLanguage\":\"tr\"},{\"@type\":[\"Person\",\"Organization\"],\"@id\":\"https:\/\/mehmetadaoztekin.com\/#\/schema\/person\/7a1af24e8ae8da993f19880246de9191\",\"name\":\"Mehmet Ada \u00d6ztekin\",\"image\":{\"@type\":\"ImageObject\",\"inLanguage\":\"tr\",\"@id\":\"https:\/\/mehmetadaoztekin.com\/#\/schema\/person\/image\/\",\"url\":\"https:\/\/mehmetadaoztekin.com\/wp-content\/uploads\/2017\/05\/Ataturk_04.jpg\",\"contentUrl\":\"https:\/\/mehmetadaoztekin.com\/wp-content\/uploads\/2017\/05\/Ataturk_04.jpg\",\"width\":1080,\"height\":1620,\"caption\":\"Mehmet Ada \u00d6ztekin\"},\"logo\":{\"@id\":\"https:\/\/mehmetadaoztekin.com\/#\/schema\/person\/image\/\"},\"sameAs\":[\"https:\/\/mehmetadaoztekin.com\"]}]}<\/script>\n<!-- \/ Yoast SEO plugin. -->","yoast_head_json":{"title":"Dokumentarfilm und Ton - Mehmet Ada \u00d6ztekin","robots":{"index":"index","follow":"follow","max-snippet":"max-snippet:-1","max-image-preview":"max-image-preview:large","max-video-preview":"max-video-preview:-1"},"canonical":"https:\/\/mehmetadaoztekin.com\/index.php\/dokumentarfilm-und-ton\/","og_locale":"tr_TR","og_type":"article","og_title":"Dokumentarfilm und Ton - Mehmet Ada \u00d6ztekin","og_description":"[vc_row content_width=&#8221;grid&#8221; css=&#8221;.vc_custom_1696802534314{padding-top: 120px !important;padding-bottom: 45px !important;}&#8221;][vc_column width=&#8221;1\/2&#8243;][vc_empty_space height=&#8221;80px&#8221;][vc_column_text]Ece \u015eakarer vom Team von Netflix T\u00fcrkei und Mehmet Ada \u00d6ztekin, Regisseur von Kultfilmen, treffen sich auf dem Regiestuhl. Er spricht \u00fcber die unbekannten Seiten des ber\u00fchmten Regisseurs und seine inspirierende Reise als Regisseur.[\/vc_column_text][\/vc_column][vc_column width=&#8221;1\/2&#8243;][vc_column_text][\/vc_column_text][\/vc_column][\/vc_row][vc_row content_width=&#8221;grid&#8221; css=&#8221;.vc_custom_1696802534314{padding-top:...","og_url":"https:\/\/mehmetadaoztekin.com\/index.php\/dokumentarfilm-und-ton\/?lang=de","og_site_name":"Mehmet Ada \u00d6ztekin","article_modified_time":"2023-10-21T19:23:18+00:00","og_image":[{"width":1080,"height":1620,"url":"https:\/\/mehmetadaoztekin.com\/wp-content\/uploads\/2017\/05\/Ataturk_04.jpg","type":"image\/jpeg"}],"twitter_card":"summary_large_image","twitter_misc":{"Tahmini okuma s\u00fcresi":"1 dakika"},"schema":{"@context":"https:\/\/schema.org","@graph":[{"@type":"WebPage","@id":"https:\/\/mehmetadaoztekin.com\/index.php\/dokumentarfilm-und-ton\/?lang=de","url":"https:\/\/mehmetadaoztekin.com\/index.php\/dokumentarfilm-und-ton\/?lang=de","name":"Dokumentarfilm und Ton - Mehmet Ada \u00d6ztekin","isPartOf":{"@id":"https:\/\/mehmetadaoztekin.com\/#website"},"datePublished":"2023-10-08T22:11:11+00:00","dateModified":"2023-10-21T19:23:18+00:00","breadcrumb":{"@id":"https:\/\/mehmetadaoztekin.com\/index.php\/dokumentarfilm-und-ton\/?lang=de#breadcrumb"},"inLanguage":"tr","potentialAction":[{"@type":"ReadAction","target":["https:\/\/mehmetadaoztekin.com\/index.php\/dokumentarfilm-und-ton\/?lang=de"]}]},{"@type":"BreadcrumbList","@id":"https:\/\/mehmetadaoztekin.com\/index.php\/dokumentarfilm-und-ton\/?lang=de#breadcrumb","itemListElement":[{"@type":"ListItem","position":1,"name":"Anasayfa","item":"https:\/\/mehmetadaoztekin.com\/"},{"@type":"ListItem","position":2,"name":"Dokumentarfilm und Ton"}]},{"@type":"WebSite","@id":"https:\/\/mehmetadaoztekin.com\/#website","url":"https:\/\/mehmetadaoztekin.com\/","name":"Mehmet Ada \u00d6ztekin","description":"| Director","publisher":{"@id":"https:\/\/mehmetadaoztekin.com\/#\/schema\/person\/7a1af24e8ae8da993f19880246de9191"},"potentialAction":[{"@type":"SearchAction","target":{"@type":"EntryPoint","urlTemplate":"https:\/\/mehmetadaoztekin.com\/?s={search_term_string}"},"query-input":"required name=search_term_string"}],"inLanguage":"tr"},{"@type":["Person","Organization"],"@id":"https:\/\/mehmetadaoztekin.com\/#\/schema\/person\/7a1af24e8ae8da993f19880246de9191","name":"Mehmet Ada \u00d6ztekin","image":{"@type":"ImageObject","inLanguage":"tr","@id":"https:\/\/mehmetadaoztekin.com\/#\/schema\/person\/image\/","url":"https:\/\/mehmetadaoztekin.com\/wp-content\/uploads\/2017\/05\/Ataturk_04.jpg","contentUrl":"https:\/\/mehmetadaoztekin.com\/wp-content\/uploads\/2017\/05\/Ataturk_04.jpg","width":1080,"height":1620,"caption":"Mehmet Ada \u00d6ztekin"},"logo":{"@id":"https:\/\/mehmetadaoztekin.com\/#\/schema\/person\/image\/"},"sameAs":["https:\/\/mehmetadaoztekin.com"]}]}},"_links":{"self":[{"href":"https:\/\/mehmetadaoztekin.com\/index.php\/wp-json\/wp\/v2\/pages\/5393"}],"collection":[{"href":"https:\/\/mehmetadaoztekin.com\/index.php\/wp-json\/wp\/v2\/pages"}],"about":[{"href":"https:\/\/mehmetadaoztekin.com\/index.php\/wp-json\/wp\/v2\/types\/page"}],"author":[{"embeddable":true,"href":"https:\/\/mehmetadaoztekin.com\/index.php\/wp-json\/wp\/v2\/users\/1"}],"replies":[{"embeddable":true,"href":"https:\/\/mehmetadaoztekin.com\/index.php\/wp-json\/wp\/v2\/comments?post=5393"}],"version-history":[{"count":5,"href":"https:\/\/mehmetadaoztekin.com\/index.php\/wp-json\/wp\/v2\/pages\/5393\/revisions"}],"predecessor-version":[{"id":5571,"href":"https:\/\/mehmetadaoztekin.com\/index.php\/wp-json\/wp\/v2\/pages\/5393\/revisions\/5571"}],"wp:attachment":[{"href":"https:\/\/mehmetadaoztekin.com\/index.php\/wp-json\/wp\/v2\/media?parent=5393"}],"curies":[{"name":"wp","href":"https:\/\/api.w.org\/{rel}","templated":true}]}}

<section class="wpb-content-wrapper"><p>[vc_row content_width=&#8221;grid&#8221; css=&#8221;.vc_custom_1696802534314{padding-top: 120px !important;padding-bottom: 45px !important;}&#8221;][vc_column width=&#8221;1/2&#8243;][vc_empty_space height=&#8221;80px&#8221;]
<div class="edgtf-custom-font-holder" style="font-size: 25px;line-height: 43px;font-weight: 300" data-font-size= 25 data-line-height= 43>
	PODCAST	</div>[vc_column_text]<span style="color: #ffffff;">Ece Şakarer vom Team von Netflix Türkei und Mehmet Ada Öztekin, Regisseur von Kultfilmen, treffen sich auf dem Regiestuhl. Er spricht über die unbekannten Seiten des berühmten Regisseurs und seine inspirierende Reise als Regisseur.</span>[/vc_column_text][/vc_column][vc_column width=&#8221;1/2&#8243;][vc_column_text]<iframe loading="lazy" style="border-radius: 12px;" src="https://open.spotify.com/embed/episode/1IeRelc4QuOzMbDDGgxYOs?utm_source=generator&amp;theme=0" width="100%" height="352" frameborder="0" allowfullscreen="allowfullscreen"></iframe>[/vc_column_text][/vc_column][/vc_row][vc_row content_width=&#8221;grid&#8221; css=&#8221;.vc_custom_1696802534314{padding-top: 120px !important;padding-bottom: 45px !important;}&#8221;][vc_column width=&#8221;1/2&#8243;][vc_empty_space height=&#8221;80px&#8221;]
<div class="edgtf-custom-font-holder" style="font-size: 25px;line-height: 43px;font-weight: 300" data-font-size= 25 data-line-height= 43>
	Herr der Möwen – Dokumentarfilm hinter den Kulissen	</div>[vc_column_text]<span style="color: #ffffff;">Produktion: TMC Film</span> | <span style="color: #ffffff;">Produzent: Erol Avci</span> | <span style="color: #ffffff;">Drehbuch: Meriç Demiray</span> | <span style="color: #ffffff;">Regie: Mehmet Ada Oztekin</span>[/vc_column_text][/vc_column][vc_column width=&#8221;1/2&#8243;][vc_column_text]<iframe loading="lazy" title="YouTube-Video-Player" src="https://www.youtube.com/embed/YvCNr4_2n7o?si=z-ZIUJcklGYPFXQS" width="560" height="315" frameborder="0" allowfullscreen="allowfullscreen"></iframe>[/vc_column_text][/vc_column][/vc_row]</p>
</section>

<p>[vc_row content_width=&#8221;grid&#8221; css=&#8221;.vc_custom_1696802534314{padding-top: 120px !important;padding-bottom: 45px !important;}&#8221;][vc_column width=&#8221;1/2&#8243;][vc_empty_space height=&#8221;80px&#8221;][vc_column_text]Ece Şakarer vom Team von Netflix Türkei und Mehmet Ada Öztekin, Regisseur von Kultfilmen, treffen sich auf dem Regiestuhl. Er spricht über die unbekannten Seiten des berühmten Regisseurs und seine inspirierende Reise als Regisseur.[/vc_column_text][/vc_column][vc_column width=&#8221;1/2&#8243;][vc_column_text][/vc_column_text][/vc_column][/vc_row][vc_row content_width=&#8221;grid&#8221; css=&#8221;.vc_custom_1696802534314{padding-top:&#8230;</p>

<!-- This site is optimized with the Yoast SEO plugin v21.4 - https://yoast.com/wordpress/plugins/seo/ -->
<title>Dokumentarfilm und Ton - Mehmet Ada Öztekin</title>
<meta name="robots" content="index, follow, max-snippet:-1, max-image-preview:large, max-video-preview:-1" />
<link rel="canonical" href="https://mehmetadaoztekin.com/index.php/dokumentarfilm-und-ton/" />
<meta property="og:locale" content="tr_TR" />
<meta property="og:type" content="article" />
<meta property="og:title" content="Dokumentarfilm und Ton - Mehmet Ada Öztekin" />
<meta property="og:description" content="[vc_row content_width=&#8221;grid&#8221; css=&#8221;.vc_custom_1696802534314{padding-top: 120px !important;padding-bottom: 45px !important;}&#8221;][vc_column width=&#8221;1/2&#8243;][vc_empty_space height=&#8221;80px&#8221;][vc_column_text]Ece Şakarer vom Team von Netflix Türkei und Mehmet Ada Öztekin, Regisseur von Kultfilmen, treffen sich auf dem Regiestuhl. Er spricht über die unbekannten Seiten des berühmten Regisseurs und seine inspirierende Reise als Regisseur.[/vc_column_text][/vc_column][vc_column width=&#8221;1/2&#8243;][vc_column_text][/vc_column_text][/vc_column][/vc_row][vc_row content_width=&#8221;grid&#8221; css=&#8221;.vc_custom_1696802534314{padding-top:..." />
<meta property="og:url" content="https://mehmetadaoztekin.com/index.php/dokumentarfilm-und-ton/?lang=de" />
<meta property="og:site_name" content="Mehmet Ada Öztekin" />
<meta property="article:modified_time" content="2023-10-21T19:23:18+00:00" />
<meta property="og:image" content="https://mehmetadaoztekin.com/wp-content/uploads/2017/05/Ataturk_04.jpg" />
	<meta property="og:image:width" content="1080" />
	<meta property="og:image:height" content="1620" />
	<meta property="og:image:type" content="image/jpeg" />
<meta name="twitter:card" content="summary_large_image" />
<meta name="twitter:label1" content="Tahmini okuma süresi" />
	<meta name="twitter:data1" content="1 dakika" />
<script type="application/ld+json" class="yoast-schema-graph">{"@context":"https://schema.org","@graph":[{"@type":"WebPage","@id":"https://mehmetadaoztekin.com/index.php/dokumentarfilm-und-ton/?lang=de","url":"https://mehmetadaoztekin.com/index.php/dokumentarfilm-und-ton/?lang=de","name":"Dokumentarfilm und Ton - Mehmet Ada Öztekin","isPartOf":{"@id":"https://mehmetadaoztekin.com/#website"},"datePublished":"2023-10-08T22:11:11+00:00","dateModified":"2023-10-21T19:23:18+00:00","breadcrumb":{"@id":"https://mehmetadaoztekin.com/index.php/dokumentarfilm-und-ton/?lang=de#breadcrumb"},"inLanguage":"tr","potentialAction":[{"@type":"ReadAction","target":["https://mehmetadaoztekin.com/index.php/dokumentarfilm-und-ton/?lang=de"]}]},{"@type":"BreadcrumbList","@id":"https://mehmetadaoztekin.com/index.php/dokumentarfilm-und-ton/?lang=de#breadcrumb","itemListElement":[{"@type":"ListItem","position":1,"name":"Anasayfa","item":"https://mehmetadaoztekin.com/"},{"@type":"ListItem","position":2,"name":"Dokumentarfilm und Ton"}]},{"@type":"WebSite","@id":"https://mehmetadaoztekin.com/#website","url":"https://mehmetadaoztekin.com/","name":"Mehmet Ada Öztekin","description":"| Director","publisher":{"@id":"https://mehmetadaoztekin.com/#/schema/person/7a1af24e8ae8da993f19880246de9191"},"potentialAction":[{"@type":"SearchAction","target":{"@type":"EntryPoint","urlTemplate":"https://mehmetadaoztekin.com/?s={search_term_string}"},"query-input":"required name=search_term_string"}],"inLanguage":"tr"},{"@type":["Person","Organization"],"@id":"https://mehmetadaoztekin.com/#/schema/person/7a1af24e8ae8da993f19880246de9191","name":"Mehmet Ada Öztekin","image":{"@type":"ImageObject","inLanguage":"tr","@id":"https://mehmetadaoztekin.com/#/schema/person/image/","url":"https://mehmetadaoztekin.com/wp-content/uploads/2017/05/Ataturk_04.jpg","contentUrl":"https://mehmetadaoztekin.com/wp-content/uploads/2017/05/Ataturk_04.jpg","width":1080,"height":1620,"caption":"Mehmet Ada Öztekin"},"logo":{"@id":"https://mehmetadaoztekin.com/#/schema/person/image/"},"sameAs":["https://mehmetadaoztekin.com"]}]}</script>
<!-- / Yoast SEO plugin. -->

Dokumentarfilm und Ton - Mehmet Ada Öztekin

[vc_row content_width=&#8221;grid&#8221; css=&#8221;.vc_custom_1696802534314{padding-top: 120px !important;padding-bottom: 45px !important;}&#8221;][vc_column width=&#8221;1/2&#8243;][vc_empty_space height=&#8221;80px&#8221;][vc_column_text]Ece Şakarer vom Team von Netflix Türkei und Mehmet Ada Öztekin, Regisseur von Kultfilmen, treffen sich auf dem Regiestuhl. Er spricht über die unbekannten Seiten des berühmten Regisseurs und seine inspirierende Reise als Regisseur.[/vc_column_text][/vc_column][vc_column width=&#8221;1/2&#8243;][vc_column_text][/vc_column_text][/vc_column][/vc_row][vc_row content_width=&#8221;grid&#8221; css=&#8221;.vc_custom_1696802534314{padding-top:...

Mehmet Ada Öztekin
